it of o?
3
Suppose -k = y - 15, 4*k - 64 = -0*k - 2*y. Suppose -125 = 12*s - k*s. What is the tens digit of s?
2
Suppose 0 = -2*i + 7 - 1. Suppose 0 = i*y - 4 - 77. What is the units digit of y?
7
Let i = 3 + -1. Suppose b = -i*b + 9. Suppose -6*g + 3 = -b*g. What is the units digit of g?
1
Let n be (4/8)/(1/2). Let b be (1 - n)*2/4. Suppose -s - 3*s + 12 = b. What is the units digit of s?
3
Let f be (1 + -2)*(-16)/2. Suppose f = -t + 5*o, o - 14 = -5*t - 2. What is the units digit of t?
2
Let v be ((-1)/(-3))/((-3)/(-36)). Suppose -u + v = -2*n - 5, -4*n = 16. Let d = 4 - u. What is the units digit of d?
3
Let w(v) = 30*v + 1. What is the tens digit of w(1)?
3
Suppose 5*n = b + 3*b + 335, 2*b = -5*n + 305. What is the units digit of n?
3
Let o(c) = c**2 + 9*c + 1. Let b be o(-8). Let u = 16 + b. What is the units digit of u?
9
What is the units digit of ((-21)/2)/(1/(-6))?
3
Let y = -13 - -4. Let x = y + 14. What is the tens digit of (-5)/(x/(-14)) + 2?
1
Let b(y) = 1. Let h(r) = -6*r + 9. Let d(o) = -4*b(o) + h(o). Let i be d(-5). Suppose -a + 6*a = i. What is the units digit of a?
7
Suppose 5*v + 62 = 5*h + 2*v, -5*h + 58 = -2*v. Suppose -5*x = h, -5*q + 68 = x - 0*x. What is the tens digit of q?
1
Suppose 2 = 5*b + 12, -6 = 2*j + 3*b. Let z = j + 2. Suppose z*u = 2*d - 3*u - 6, 3*u - 22 = -2*d. What is the units digit of d?
8
Let z be ((-3)/(-6))/((-3)/54). Let h = z - -20. What is the tens digit of h?
1
What is the hundreds digit of ((-384)/(-20))/(-1*2/(-20))?
1
Let k = 8 - 6. What is the tens digit of 26/(1 - k - -3)?
1
Let b = 3 + -1. Suppose -b = -3*q + 5*s + 8, 5*q = -4*s + 29. What is the units digit of q?
5
Let y(h) = -6*h**2 + 6*h + 3. Let n(l) = 5*l**2 - 6*l - 3. Let j(i) = -7*n(i) - 6*y(i). Let a be j(-9). What is the tens digit of (-1 + a/8)*4?
1
Suppose 5 = 4*c - 15. Suppose -d - 2*u + 5 + 0 = 0, 0 = -d + 2*u + c. What is the units digit of d?
5
Suppose 6*w = 4*w + 72. Let h be w/21 + (-2)/(-7). Suppose -p = 3*j + h*j - 32, 2*j - 24 = -2*p. What is the units digit of p?
7
Suppose -3*c - 3*p = -8*c + 52, p + 54 = 5*c. Let j(y) = y. What is the tens digit of j(c)?
1
Let t(u) = 2*u - 4. What is the units digit of t(5)?
6
Suppose -31 = -0*v - v. What is the tens digit of v?
3
Let g(l) = -l**2 - 8*l + 3. Let m(z) = -3*z + 1. Let i be m(3). Let x be g(i). Suppose -x*a + 2*a - 14 = -3*t, 3*a = -2*t + 24. What is the units digit of t?
6
Suppose 255 = 2*m - d, 3*m + 3*d = 93 + 294. What is the units digit of m?
8
What is the units digit of -54*(0 + (-1)/2)?
7
What is the units digit of -2 + 1 - (-7 - 1)?
7
Let x(w) = -30*w - 57. What is the units digit of x(-11)?
3
Let i(d) = -d**3 + 11*d**2 - 11*d + 7. Let m be i(10). Let u = 0 - m. What is the units digit of u?
3
Let q be (-66)/(-14) - 4/(-14). Suppose -8 - 12 = -2*s. Suppose 5*c = 3*y + s, -c + 3*y - y = q. What is the units digit of c?
5
Let v(x) = x + 5. Let l be (0 - 0)/((-14)/(-7)). What is the units digit of v(l)?
5
Let m(c) = c**3 - 8*c**2 - 8*c - 7. Let o be m(9). Suppose 2*t - 16 = -o*t. What is the units digit of t?
4
Let s = 6 + -5. Let d(i) = i**2 - 3*i + 1. Let m be d(s). What is the units digit of m/2 - (-9)/6?
1
Let j be (-147)/(-4)*56/21. Suppose y = -5*i + 27, 5*y - 3*i - j - 37 = 0. What is the units digit of y?
7
Let q(z) = -4*z**3 + 2*z + 1. Let b be q(-1). What is the tens digit of (-82)/(-6) + b/9?
1
Let g(i) = -i**3 - 4*i**2 + 4*i + 2. Let j be g(-5). Suppose 2*t = -4*s - 9 + 33, 0 = 5*t - s - 71. Let l = t - j. What is the units digit of l?
7
Let v(o) = -o**2 - 16*o - 19. Let s be v(-14). Suppose 4*w - 11 = s. What is the units digit of w?
5
Let l be 7/21 - 14/6. Let a = 11 + l. What is the units digit of a?
9
Let c be (20/15)/(1/3). Suppose -c*p + 0*z = -z - 49, 2*p + 2*z - 32 = 0. What is the units digit of p?
3
Let w(b) = -b - 5. Let n be w(-12). Suppose 110 = -n*m + 12*m. What is the tens digit of m?
2
Suppose -3*c + 0*h + h = -44, -c + 12 = -h. What is the units digit of c?
6
Let t = -5 + 2. Let v(g) = g**3 + 5*g**2 + 5*g + 3. Let m be v(t). Let z(o) = o**3 - 7*o**2 + 8*o - 2. What is the tens digit of z(m)?
1
Suppose 4*n - 88 = -28. Let g = n + 23. Suppose -g = -3*q + 25. What is the tens digit of q?
2
Let u(i) = -i**3 + 5*i**2 - 3*i - 1. Let b be u(3). Let s be 12/b*(-2)/3. What is the units digit of s/(-1) - 0/4?
1
Let d be (-4)/6*27/(-6). Let g(p) = p**2 + p - 4. Let b be g(-3). Suppose d*f - b = 22. What is the units digit of f?
8
Let t(o) = -o**2 - 5*o + 5. Let l be t(-5). Suppose m = 0, 56 = 3*k + l*m + 8. What is the units digit of k?
6
Let h be -9*((-3)/1)/9. Suppose -h*k + 12 = k. Suppose -2*o = 3*l - 15, k*o + 4*l - 24 = -o. What is the units digit of o?
3
Let i = 374 - 192. What is the tens digit of i?
8
Let y be (1 - -43) + (4 - 3). Let k = y + -87. What is the units digit of (-276)/(-14) - 12/k?
0
Suppose 0 = 4*r - 9*r. Suppose -12 = -3*i + 2*t + 5, r = -5*i - 3*t + 3. Suppose -j + 68 = i*j. What is the units digit of j?
7
Suppose 0 = -3*o - 5*q + 12, -2*o = -6*o - 3*q + 5. Let d(r) = -15*r**3 - r**2 - 2*r - 1. What is the tens digit of d(o)?
1
Suppose 0 = 2*a - 1 + 3. Let l be -6 - (1 + a) - 0. Let i = l + 15. What is the units digit of i?
9
Let w be (3/(-2))/((-3)/4). Suppose -3*o + 2*o = 0. Suppose 0 = h + 5*u - 13, -w = -u - o. What is the units digit of h?
3
Suppose 2*p - 9 = -3*p + 3*i, -5*p + 3 = -i. Let v = 26 - p. What is the units digit of v?
6
Suppose y + 3*y = 5*r - 535, -4*y = -3*r + 329. What is the hundreds digit of r?
1
Suppose -4*s + 60 + 7 = -3*k, 5*k = -5. Suppose -g + s = 3*x, -4*g + 4*x + 0 = 16. What is the units digit of g?
1
Suppose 9 = -5*z - 1. Let g be z - -3 - 2/1. Let i(l) = 12*l**2 + 2*l + 1. What is the tens digit of i(g)?
1
Let g be (-493)/(-11) - 6/(-33). What is the units digit of (g/3)/3 + -1?
4
Suppose 3 = -5*m + 2*m. What is the units digit of (m/2)/(5/(-310))?
1
Let y be 6/2 + 2 + -2. Suppose -28 = -3*r - 2*n, -y*r + 0*n = -n - 31. What is the tens digit of r?
1
Let z(c) = 33*c + 16. What is the hundreds digit of z(3)?
1
Let a(i) = -i**3 + i**2 - 5*i - 7. Let g be a(-4). Let j = -54 + g. What is the tens digit of j?
3
Let n(w) = w. Let r(j) = -3*j - 36. Let b(p) = -4*n(p) - r(p). What is the tens digit of b(0)?
3
Suppose 15 - 51 = -4*m. What is the units digit of m?
9
Suppose 48 = -b - 3*b. Let l be 4*3/b*3. Let p = l + 11. What is the units digit of p?
8
What is the units digit of ((-658)/56)/((-2)/8)?
7
Suppose -2*h + 6*h = -48. What is the units digit of (-2 - 2)*21/h?
7
Suppose 0 = w - 22 - 0. What is the units digit of (1 - 1) + -2 + w?
0
Let d(z) = -z - 4. Let k be d(-4). Suppose k = 3*y - 4*y + 12. Let j = y - 7. What is the units digit of j?
5
Let i(q) = -q + 15. Let s be i(12). Suppose -s*a = 1 - 7. What is the units digit of a?
2
Let q(x) = -x**3 - 3*x**2 + 2*x - 3. Suppose 2*g + n - 12 = -3*n, 0 = -3*g + 5*n - 37. Let f be q(g). Suppose 13 = f*y - 12. What is the units digit of y?
5
Let t be -2*(-3 - (-2 - -1)). Suppose 10 = t*n - 2*n. What is the units digit of n?
5
Let b = 62 - -29. What is the units digit of b?
1
Let l be ((-3)/6)/((-2)/168). Let z = 11 + -6. Suppose 4*c = 5*v - l, 60 = z*v - c + 6*c. What is the units digit of v?
0
Let b be ((-4)/3)/((-6)/18). Suppose -2*s - s = -b*g - 19, 5*g = 4*s - 24. What is the units digit of s?
1
Let z(i) = 2*i + 7. Let p be z(6). Suppose -2 = v + t, 5*t + 6 = -p. What is the units digit of v?
3
What is the hundreds digit of (-8976)/(-40) - (-6)/(-15)?
2
Let q be 10/4*(0 + 2). Suppose -4*a + 8*a = 24. Let n = a + q. What is the units digit of n?
1
Let h = 30 - 63. Let r = -23 - h. What is the units digit of r?
0
Let k = 90 - 63. What is the units digit of k?
7
Let k(g) be the first derivative of 3*g**5/40 - g**4/24 + 2*g**3/3 + 1. Let j(q) be the third derivative of k(q). What is the units digit of j(1)?
8
Suppose -3*p + t + t = -16, 5*p + 15 = -5*t. What is the units digit of p?
2
Let s(p) = -p**3 - 9*p**2 - p - 5. Let u be s(-9). Suppose -x - u*x = -40. What is the units digit of x?
8
Let x = -1 + 6. What is the units digit of (-5)/(-3)*15/x?
5
Let j be 37/13 - (-2)/13. Suppose 36 = j*y - y. What is the tens digit of y?
1
Let i(z) = 21*z**2 - z - 3. What is the units digit of i(-2)?
3
Suppose 0*o - 4*a - 4 = 2*o, 4 = -o - 3*a. Let y be (5/(-2